{"id":59,"date":"2014-06-18T12:28:05","date_gmt":"2014-06-18T10:28:05","guid":{"rendered":"http:\/\/s368574448.online.de\/?page_id=59"},"modified":"2022-09-01T20:01:20","modified_gmt":"2022-09-01T20:01:20","slug":"impressum","status":"publish","type":"page","link":"https:\/\/bunker-datteln.de\/?page_id=59","title":{"rendered":"Impressum"},"content":{"rendered":"<p style=\"text-align: left;\"><span style=\"color: #000000;\"><strong>Anschrift:<\/strong><br \/>\nBunker und Bergbau Museum Datteln e.V.<\/span><span style=\"color: #000000;\">Amtsgericht Recklinghausen VR-Nr. 2996<\/span><\/p>\n<p style=\"text-align: left;\">Herbert M\u00fcller ( 1. Vorsitzender )<\/p>\n<p style=\"text-align: left;\">Eckenkamp 27<br \/>\n59399 Olfen<\/p>\n<p style=\"text-align: left;\">Tel. 02595 2894134<\/p>\n<p style=\"text-align: left;\">Website: www.bunker-datteln.de<\/p>\n<p style=\"text-align: left;\"><br style=\"color: #000000;\" \/><span style=\"color: #000000;\"><strong>Kontakt:<\/strong><\/span><br style=\"color: #000000;\" \/><span style=\"color: #000000;\">E-Mail:\u00a0 Steiger-M\u00fcller@web.de ( 1. Vorsitzender )<\/span><\/p>\n<p style=\"text-align: left;\">E-Mail: info@bunker-datteln.de\u00a0 ( Bunker und Bergbau Museum Datteln )<\/p>\n<p style=\"text-align: left;\"><br style=\"color: #000000;\" \/><span style=\"color: #000000;\"><strong>Verantwortlich nach \u00a7 6 Abs.2 MDStV:<\/strong><\/span><br style=\"color: #000000;\" \/>Bernd Duschinski<br style=\"color: #000000;\" \/><span style=\"color: #000000;\">Redakteur \u201eHardware und Software\u201c<\/span><br style=\"color: #000000;\" \/><br style=\"color: #000000;\" \/><br style=\"color: #000000;\" \/><span style=\"color: #000000;\"><strong>Haftung f\u00fcr Inhalte:<\/strong><\/span><br style=\"color: #000000;\" \/><br style=\"color: #000000;\" \/><span style=\"color: #000000;\">Die Inhalte unserer Seiten wurden mit gro\u00dfer Sorgfalt erstellt. F\u00fcr die Richtigkeit,\u00a0Vollst\u00e4ndigkeit und Aktualit\u00e4t der Inhalte k\u00f6nnen<br \/>\nwir jedoch keine Gew\u00e4hr \u00fcbernehmen.\u00a0Als Dienstanbieter sind wir gem\u00e4\u00df \u00a7 6 Abs. 1 MDStV uns \u00a7 68 Abs. 1 TDG f\u00fcr eigene Inhalte<br \/>\nauf diesen Seiten nach den allgeneinen Gesetzen verantwortlich. Dienstanbieter\u00a0sind\u00a0jedoch nicht verpflichtet, die von ihnen<br \/>\n\u00fcbermittelten\u00a0oder gespeicherten fremden\u00a0Informationen zu \u00fcberwachen oder nach Umst\u00e4nden zu forschen, die auf eine<br \/>\nrechtswidrige\u00a0T\u00e4tigkeit hinweisen.\u00a0Verpflichtungen zur Entfernung oder Sperrung der Nutzung von\u00a0Informationen nach den<br \/>\nallgemeinen Gesetzen bleiben hiervon unber\u00fchrt.\u00a0Eine\u00a0diesbez\u00fcgliche\u00a0Haftung ist jedoch erst ab dem Zeitpunkt der Kenntnis einer<br \/>\nkonkreten\u00a0Rechtverletzung m\u00f6glich. Bei bekannt werden\u00a0von entsprechenden Rechtsverletzungen\u00a0werden wir diese\u00a0Inhalte<br \/>\numgehend\u00a0entfernen.<\/span><br style=\"color: #000000;\" \/><br style=\"color: #000000;\" \/><span style=\"color: #000000;\"><strong>Haftung f\u00fcr Links:<\/strong><\/span><br style=\"color: #000000;\" \/><br style=\"color: #000000;\" \/><span style=\"color: #000000;\">Unser Angebot enth\u00e4lt Links zu externen Webseiten Dritter, auf deren Inhalte wir keinen\u00a0Einfluss haben. Deshalb k\u00f6nnen wir f\u00fcr<br \/>\ndiese fremden Inhalte auch keine Gew\u00e4hr\u00a0\u00fcbernehmen. F\u00fcr die Inhalte der verlinkten Seiten ist stehts der jeweilige Anbieter oder<br \/>\nBetreiber der Seiten verantwortlich. Die verlinkten Seiten wurden zum Zeitpunkt der\u00a0Verlinkung\u00a0auf m\u00f6gliche Rechtsverst\u00f6\u00dfe<br \/>\n\u00fcberpr\u00fcft. Rechtswidrige Inhalte waren zum Zeitpunkt der\u00a0Verlinkung nicht erkennbar. Eine permanente inhaltliche Kontrolle der<br \/>\nverlinkten Seiten ist\u00a0jedoch ohne konkrete Anhaltspunkte einer Rechtsverletzung nicht zumutbar. Bei bekannt\u00a0werden von<br \/>\nRechtsverletzungen werden wir derartige Links umgehend entfernen.<\/span><br style=\"color: #000000;\" \/><br style=\"color: #000000;\" \/><span style=\"color: #000000;\"><strong>Urheberrecht:<\/strong><\/span><br style=\"color: #000000;\" \/><br style=\"color: #000000;\" \/><span style=\"color: #000000;\">Die Betreiber der Seiten sind bem\u00fcht, stets die Urheberrechte anderer zu beachten bzw. auf selbst erstellte sowie lizenzfreie<br \/>\nWerke\u00a0zur\u00fcckzugreifen.\u00a0Die durch den Seitenbetreiber erstellten Inhalte und Werke auf diesen Seiten unterliegen dem\u00a0deutschen<br \/>\nUrheberrecht.\u00a0Beitr\u00e4ge Dritter sind als solche gekennzeichnet.\u00a0Die\u00a0Vervielf\u00e4ltigung, Bearbeitung, Verbreitung und jede Art der<br \/>\nVerwertung au\u00dferhalb\u00a0der Grenzen\u00a0des Urheberrechtes bed\u00fcrfen der schriftlichen Zustimmung des jeweiligen\u00a0Autors bzw.<br \/>\nErstellers. Downloads und Kopien\u00a0dieser Seite sind nur f\u00fcr den privaten, nicht kommerziellen\u00a0Gebrauch gestattet.<\/span><br style=\"color: #000000;\" \/><br style=\"color: #000000;\" \/><span style=\"color: #000000;\"><strong>Datenschutz:<\/strong><\/span><br style=\"color: #000000;\" \/><br style=\"color: #000000;\" \/><span style=\"color: #000000;\">Soweit auf unseren Seiten personenbezogene Daten (beispielsweise Namen, Anschrift oder E-Mail-Adressen) erhoben werden,<br \/>\nerfolgt dies soweit m\u00f6glich stets auf freiwillige\u00a0Basis.\u00a0Die Nutzung der Angebote und Dienste ist, soweit m\u00f6glich, stets ohne<br \/>\nAngabe\u00a0personenbezogener Daten m\u00f6glich.\u00a0Die Nutzung von im Rahmen der Impressumspflicht\u00a0ver\u00f6ffentlichen Kontaktdaten<br \/>\ndurch\u00a0Dritte zur \u00dcbersendung von nicht ausdr\u00fccklich angeforderter Werbung und\u00a0Informationsmaterialien wird hiermit ausdr\u00fccklich<br \/>\nwidersprochen.\u00a0Die Betreiber der Seiten\u00a0behalten sich ausdr\u00fccklich rechtliche Schritte im Falle der unverlangten Zusendung von<br \/>\nWerbeinformationen, etwa durch Spam-Mails, vor.<\/span><\/p>\n","protected":false},"excerpt":{"rendered":"<p>Anschrift: Bunker und Bergbau Museum Datteln e.V.Amtsgericht Recklinghausen VR-Nr. 2996 Herbert M\u00fcller ( 1. Vorsitzender ) Eckenkamp 27 59399 Olfen Tel. 02595 2894134 Website: www.bunker-datteln.de Kontakt:E-Mail:\u00a0 Steiger-M\u00fcller@web.de ( 1. Vorsitzender ) E-Mail: info@bunker-datteln.de\u00a0 ( Bunker und Bergbau Museum Datteln ) Verantwortlich nach \u00a7 6 Abs.2 MDStV:Bernd DuschinskiRedakteur \u201eHardware und Software\u201cHaftung f\u00fcr Inhalte:Die Inhalte unserer Seiten &hellip; <a href=\"https:\/\/bunker-datteln.de\/?page_id=59\" class=\"more-link\"><span class=\"screen-reader-text\">Impressum<\/span> weiterlesen <span class=\"meta-nav\">&rarr;<\/span><\/a><\/p>\n","protected":false},"author":1,"featured_media":0,"parent":0,"menu_order":99,"comment_status":"closed","ping_status":"closed","template":"","meta":{"footnotes":""},"class_list":["post-59","page","type-page","status-publish","hentry"],"_links":{"self":[{"href":"https:\/\/bunker-datteln.de\/index.php?rest_route=\/wp\/v2\/pages\/59","targetHints":{"allow":["GET"]}}],"collection":[{"href":"https:\/\/bunker-datteln.de\/index.php?rest_route=\/wp\/v2\/pages"}],"about":[{"href":"https:\/\/bunker-datteln.de\/index.php?rest_route=\/wp\/v2\/types\/page"}],"author":[{"embeddable":true,"href":"https:\/\/bunker-datteln.de\/index.php?rest_route=\/wp\/v2\/users\/1"}],"replies":[{"embeddable":true,"href":"https:\/\/bunker-datteln.de\/index.php?rest_route=%2Fwp%2Fv2%2Fcomments&post=59"}],"version-history":[{"count":15,"href":"https:\/\/bunker-datteln.de\/index.php?rest_route=\/wp\/v2\/pages\/59\/revisions"}],"predecessor-version":[{"id":1322,"href":"https:\/\/bunker-datteln.de\/index.php?rest_route=\/wp\/v2\/pages\/59\/revisions\/1322"}],"wp:attachment":[{"href":"https:\/\/bunker-datteln.de\/index.php?rest_route=%2Fwp%2Fv2%2Fmedia&parent=59"}],"curies":[{"name":"wp","href":"https:\/\/api.w.org\/{rel}","templated":true}]}}