{"id":37,"date":"2015-06-23T08:44:11","date_gmt":"2015-06-23T06:44:11","guid":{"rendered":"http:\/\/s368574448.online.de\/?page_id=37"},"modified":"2026-03-18T19:33:17","modified_gmt":"2026-03-18T19:33:17","slug":"glueck-auf","status":"publish","type":"page","link":"https:\/\/bunker-datteln.de\/","title":{"rendered":"Gl\u00fcck auf."},"content":{"rendered":"<p><strong>Willkommen auf der Webseite des Bunker und Bergbau Museum\u00a0 Datteln e.V.<\/strong><\/p>\n<p><span style=\"text-align: justify; font-style: italic; background-color: transparent;\">Bereits im Sommer 2006 entstand in Herbert M\u00fcller die Idee, die Bergbaugeschichte Dattelns wieder aufleben zu lassen. Ein zuf\u00e4lliges Treffen bei einem Spaziergang am Dattelner Kanal lie\u00dfen B\u00fcrgermeister\u00a0\u00a0Wolfgang Werner und Herbert M\u00fcller, beide mit dem Bergbau vertraut und in Datteln aufgewachsen, \u00fcber Erinnerungen an vergangene Jahre sprechen.<\/span><\/p>\n<p style=\"text-align: justify;\">Was w\u00e4re aus Datteln geworden \u2013 ohne Kanal, ohne Bergbau, ohne Becker-Pr\u00fcnte und\u00a0Zulieferungsfirmen f\u00fcr die Zechen?<\/p>\n<figure id=\"attachment_643\" aria-describedby=\"caption-attachment-643\" style=\"width: 474px\" class=\"wp-caption aligncenter\"><a href=\"https:\/\/bunker-datteln.de\/wp-content\/uploads\/2017\/02\/2015_026.jpg\" rel=\"wpdevart_lightbox\"><img loading=\"lazy\" decoding=\"async\" class=\"size-large wp-image-643\" src=\"https:\/\/bunker-datteln.de\/wp-content\/uploads\/2017\/02\/2015_026-1024x576.jpg\" alt=\"Bunkermuseum Datteln\" width=\"474\" height=\"267\" srcset=\"https:\/\/bunker-datteln.de\/wp-content\/uploads\/2017\/02\/2015_026-1024x576.jpg 1024w, https:\/\/bunker-datteln.de\/wp-content\/uploads\/2017\/02\/2015_026-300x169.jpg 300w, https:\/\/bunker-datteln.de\/wp-content\/uploads\/2017\/02\/2015_026-768x432.jpg 768w, https:\/\/bunker-datteln.de\/wp-content\/uploads\/2017\/02\/2015_026.jpg 1400w\" sizes=\"auto, (max-width: 474px) 100vw, 474px\" \/><\/a><figcaption id=\"caption-attachment-643\" class=\"wp-caption-text\">Aufhauen (Nachbildung)<\/figcaption><\/figure>\n<p style=\"text-align: justify;\">Aus diesem Gespr\u00e4ch heraus entstand die Idee dem\u00a0 alten Stollensystem\u00a0 (ehem. Luftschutzbunker aus dem 2. Weltkrieg) an der Heibeckstra\u00dfe in Datteln\u00a0neues Leben einzuhauchen und \u00a0den Bunker als lebendiges Mahnmal zu erhalten und um dem Bergbau in Datteln\u00a0zu einer w\u00fcrdigen\u00a0Erinnerung zu verhelfen.<\/p>\n<p style=\"text-align: justify;\"><strong>Zum Download:\u00a0 \u00a0 \u00a0<a href=\"https:\/\/bunker-datteln.de\/wp-content\/uploads\/2023\/04\/Flyer_Bunker.pdf\">Flyer_Bunker<\/a><\/strong><\/p>\n<p style=\"text-align: justify;\">\u00a0Diese Seiten geben einen \u00dcberblick \u00fcber die Arbeiten der letzten Jahre, aktuelle Arbeiten sowie Infos und Termine rund um das Bunkerprojekt.<\/p>\n<figure id=\"attachment_628\" aria-describedby=\"caption-attachment-628\" style=\"width: 900px\" class=\"wp-caption aligncenter\"><a href=\"https:\/\/bunker-datteln.de\/wp-content\/uploads\/2017\/02\/DML_Bunker_Maenner-auf-Schicht_Klein.jpg\" rel=\"wpdevart_lightbox\"><img loading=\"lazy\" decoding=\"async\" class=\"size-full wp-image-628\" src=\"https:\/\/bunker-datteln.de\/wp-content\/uploads\/2017\/02\/DML_Bunker_Maenner-auf-Schicht_Klein.jpg\" alt=\"\" width=\"900\" height=\"600\" srcset=\"https:\/\/bunker-datteln.de\/wp-content\/uploads\/2017\/02\/DML_Bunker_Maenner-auf-Schicht_Klein.jpg 900w, https:\/\/bunker-datteln.de\/wp-content\/uploads\/2017\/02\/DML_Bunker_Maenner-auf-Schicht_Klein-300x200.jpg 300w, https:\/\/bunker-datteln.de\/wp-content\/uploads\/2017\/02\/DML_Bunker_Maenner-auf-Schicht_Klein-768x512.jpg 768w\" sizes=\"auto, (max-width: 900px) 100vw, 900px\" \/><\/a><figcaption id=\"caption-attachment-628\" class=\"wp-caption-text\">2010, Bergm\u00e4nner vorm Bunker-Museum Datteln, Foto: Korte<\/figcaption><\/figure>\n<p style=\"text-align: justify;\">Bei Fragen, Anregungen oder Sonstigem zu diesem Projekt steht ihnen das Team um\u00a0Herbert M\u00fcller w\u00e4hrend der Arbeitseins\u00e4tze gerne auch pers\u00f6nlich zur Verf\u00fcgung.<\/p>\n<p style=\"text-align: justify;\">Die <strong>Arbeitseins\u00e4tze des Teams<\/strong> finden immer <strong>Dienstags und Donnerstags<\/strong>\u00a0 zwischen <strong>15.00 Uhr und 18.00<\/strong> Uhr statt. <em>Abweichungen aus aktuellen Gegebenheiten k\u00f6nnen vorkommen.<\/em><\/p>\n<p style=\"text-align: justify;\"><em><strong>\u00a0Einen kleinen Vorgeschmack gibt ihnen der Virtuelle Rundgang auf YouTube. (Stand 2014\u00a0\u00a0 aktuelle Version folgt in K\u00fcrze!)<\/strong><\/em><\/p>\n<p style=\"text-align: justify;\">Viel Spa\u00df<\/p>\n<p style=\"text-align: justify;\"><strong>Ihr Bunkerteam<\/strong><\/p>\n<p><iframe loading=\"lazy\" title=\"Dattelner Bunkerrundgang\" width=\"474\" height=\"267\" src=\"https:\/\/www.youtube.com\/embed\/V7te-5AzubA?feature=oembed\" frameborder=\"0\" allow=\"accelerometer; autoplay; clipboard-write; encrypted-media; gyroscope; picture-in-picture; web-share\" referrerpolicy=\"strict-origin-when-cross-origin\" allowfullscreen><\/iframe><\/p>\n<p>&nbsp;<\/p>\n<p>&nbsp;<\/p>\n<p>&nbsp;<\/p>\n","protected":false},"excerpt":{"rendered":"<p>Willkommen auf der Webseite des Bunker und Bergbau Museum\u00a0 Datteln e.V. Bereits im Sommer 2006 entstand in Herbert M\u00fcller die Idee, die Bergbaugeschichte Dattelns wieder aufleben zu lassen. Ein zuf\u00e4lliges Treffen bei einem Spaziergang am Dattelner Kanal lie\u00dfen B\u00fcrgermeister\u00a0\u00a0Wolfgang Werner und Herbert M\u00fcller, beide mit dem Bergbau vertraut und in Datteln aufgewachsen, \u00fcber Erinnerungen an &hellip; <a href=\"https:\/\/bunker-datteln.de\/\" class=\"more-link\"><span class=\"screen-reader-text\">Gl\u00fcck auf.<\/span> weiterlesen <span class=\"meta-nav\">&rarr;<\/span><\/a><\/p>\n","protected":false},"author":1,"featured_media":683,"parent":0,"menu_order":0,"comment_status":"closed","ping_status":"closed","template":"","meta":{"footnotes":""},"class_list":["post-37","page","type-page","status-publish","has-post-thumbnail","hentry"],"_links":{"self":[{"href":"https:\/\/bunker-datteln.de\/index.php?rest_route=\/wp\/v2\/pages\/37","targetHints":{"allow":["GET"]}}],"collection":[{"href":"https:\/\/bunker-datteln.de\/index.php?rest_route=\/wp\/v2\/pages"}],"about":[{"href":"https:\/\/bunker-datteln.de\/index.php?rest_route=\/wp\/v2\/types\/page"}],"author":[{"embeddable":true,"href":"https:\/\/bunker-datteln.de\/index.php?rest_route=\/wp\/v2\/users\/1"}],"replies":[{"embeddable":true,"href":"https:\/\/bunker-datteln.de\/index.php?rest_route=%2Fwp%2Fv2%2Fcomments&post=37"}],"version-history":[{"count":86,"href":"https:\/\/bunker-datteln.de\/index.php?rest_route=\/wp\/v2\/pages\/37\/revisions"}],"predecessor-version":[{"id":1644,"href":"https:\/\/bunker-datteln.de\/index.php?rest_route=\/wp\/v2\/pages\/37\/revisions\/1644"}],"wp:featuredmedia":[{"embeddable":true,"href":"https:\/\/bunker-datteln.de\/index.php?rest_route=\/wp\/v2\/media\/683"}],"wp:attachment":[{"href":"https:\/\/bunker-datteln.de\/index.php?rest_route=%2Fwp%2Fv2%2Fmedia&parent=37"}],"curies":[{"name":"wp","href":"https:\/\/api.w.org\/{rel}","templated":true}]}}

Glück auf.

<p><strong>Willkommen auf der Webseite des Bunker und Bergbau Museum  Datteln e.V.</strong></p>
<p><span style="text-align: justify; font-style: italic; background-color: transparent;">Bereits im Sommer 2006 entstand in Herbert Müller die Idee, die Bergbaugeschichte Dattelns wieder aufleben zu lassen. Ein zufälliges Treffen bei einem Spaziergang am Dattelner Kanal ließen Bürgermeister  Wolfgang Werner und Herbert Müller, beide mit dem Bergbau vertraut und in Datteln aufgewachsen, über Erinnerungen an vergangene Jahre sprechen.</span></p>
<p style="text-align: justify;">Was wäre aus Datteln geworden – ohne Kanal, ohne Bergbau, ohne Becker-Prünte und Zulieferungsfirmen für die Zechen?</p>
<figure id="attachment_643" aria-describedby="caption-attachment-643" style="width: 474px" class="wp-caption aligncenter"><a href="https://bunker-datteln.de/wp-content/uploads/2017/02/2015_026.jpg" rel="wpdevart_lightbox"><img loading="lazy" decoding="async" class="size-large wp-image-643" src="https://bunker-datteln.de/wp-content/uploads/2017/02/2015_026-1024x576.jpg" alt="Bunkermuseum Datteln" width="474" height="267" srcset="https://bunker-datteln.de/wp-content/uploads/2017/02/2015_026-1024x576.jpg 1024w, https://bunker-datteln.de/wp-content/uploads/2017/02/2015_026-300x169.jpg 300w, https://bunker-datteln.de/wp-content/uploads/2017/02/2015_026-768x432.jpg 768w, https://bunker-datteln.de/wp-content/uploads/2017/02/2015_026.jpg 1400w" sizes="auto, (max-width: 474px) 100vw, 474px" /></a><figcaption id="caption-attachment-643" class="wp-caption-text">Aufhauen (Nachbildung)</figcaption></figure>
<p style="text-align: justify;">Aus diesem Gespräch heraus entstand die Idee dem  alten Stollensystem  (ehem. Luftschutzbunker aus dem 2. Weltkrieg) an der Heibeckstraße in Datteln neues Leben einzuhauchen und  den Bunker als lebendiges Mahnmal zu erhalten und um dem Bergbau in Datteln zu einer würdigen Erinnerung zu verhelfen.</p>
<p style="text-align: justify;"><strong>Zum Download:     <a href="https://bunker-datteln.de/wp-content/uploads/2023/04/Flyer_Bunker.pdf">Flyer_Bunker</a></strong></p>
<p style="text-align: justify;"> Diese Seiten geben einen Überblick über die Arbeiten der letzten Jahre, aktuelle Arbeiten sowie Infos und Termine rund um das Bunkerprojekt.</p>
<figure id="attachment_628" aria-describedby="caption-attachment-628" style="width: 900px" class="wp-caption aligncenter"><a href="https://bunker-datteln.de/wp-content/uploads/2017/02/DML_Bunker_Maenner-auf-Schicht_Klein.jpg" rel="wpdevart_lightbox"><img loading="lazy" decoding="async" class="size-full wp-image-628" src="https://bunker-datteln.de/wp-content/uploads/2017/02/DML_Bunker_Maenner-auf-Schicht_Klein.jpg" alt="" width="900" height="600" srcset="https://bunker-datteln.de/wp-content/uploads/2017/02/DML_Bunker_Maenner-auf-Schicht_Klein.jpg 900w, https://bunker-datteln.de/wp-content/uploads/2017/02/DML_Bunker_Maenner-auf-Schicht_Klein-300x200.jpg 300w, https://bunker-datteln.de/wp-content/uploads/2017/02/DML_Bunker_Maenner-auf-Schicht_Klein-768x512.jpg 768w" sizes="auto, (max-width: 900px) 100vw, 900px" /></a><figcaption id="caption-attachment-628" class="wp-caption-text">2010, Bergmänner vorm Bunker-Museum Datteln, Foto: Korte</figcaption></figure>
<p style="text-align: justify;">Bei Fragen, Anregungen oder Sonstigem zu diesem Projekt steht ihnen das Team um Herbert Müller während der Arbeitseinsätze gerne auch persönlich zur Verfügung.</p>
<p style="text-align: justify;">Die <strong>Arbeitseinsätze des Teams</strong> finden immer <strong>Dienstags und Donnerstags</strong>  zwischen <strong>15.00 Uhr und 18.00</strong> Uhr statt. <em>Abweichungen aus aktuellen Gegebenheiten können vorkommen.</em></p>
<p style="text-align: justify;"><em><strong> Einen kleinen Vorgeschmack gibt ihnen der Virtuelle Rundgang auf YouTube. (Stand 2014   aktuelle Version folgt in Kürze!)</strong></em></p>
<p style="text-align: justify;">Viel Spaß</p>
<p style="text-align: justify;"><strong>Ihr Bunkerteam</strong></p>
<p><iframe loading="lazy" title="Dattelner Bunkerrundgang" width="474" height="267" src="https://www.youtube.com/embed/V7te-5AzubA?feature=oembed" frameborder="0" allow="accelerometer; autoplay; clipboard-write; encrypted-media; gyroscope; picture-in-picture; web-share" referrerpolicy="strict-origin-when-cross-origin" allowfullscreen></iframe></p>
<p>&nbsp;</p>
<p>&nbsp;</p>
<p>&nbsp;</p>

<p>Willkommen auf der Webseite des Bunker und Bergbau Museum  Datteln e.V. Bereits im Sommer 2006 entstand in Herbert Müller die Idee, die Bergbaugeschichte Dattelns wieder aufleben zu lassen. Ein zufälliges Treffen bei einem Spaziergang am Dattelner Kanal ließen Bürgermeister  Wolfgang Werner und Herbert Müller, beide mit dem Bergbau vertraut und in Datteln aufgewachsen, über Erinnerungen an &hellip; <a href="https://bunker-datteln.de/" class="more-link"><span class="screen-reader-text">Glück auf.</span> weiterlesen <span class="meta-nav">&rarr;</span></a></p>
