{"id":100,"date":"2014-08-03T15:51:41","date_gmt":"2014-08-03T13:51:41","guid":{"rendered":"http:\/\/s368574448.online.de\/?page_id=100"},"modified":"2017-02-25T21:16:11","modified_gmt":"2017-02-25T21:16:11","slug":"archiv-2","status":"publish","type":"page","link":"https:\/\/bunker-datteln.de\/?page_id=100","title":{"rendered":"Archiv 2013"},"content":{"rendered":"<figure id=\"attachment_715\" aria-describedby=\"caption-attachment-715\" style=\"width: 474px\" class=\"wp-caption aligncenter\"><a href=\"https:\/\/bunker-datteln.de\/wp-content\/uploads\/2017\/02\/2013_001.jpg\" rel=\"wpdevart_lightbox\"><img loading=\"lazy\" decoding=\"async\" class=\"size-large wp-image-715\" src=\"https:\/\/bunker-datteln.de\/wp-content\/uploads\/2017\/02\/2013_001-1024x768.jpg\" alt=\"Bunkermuseum Datteln\" width=\"474\" height=\"356\" srcset=\"https:\/\/bunker-datteln.de\/wp-content\/uploads\/2017\/02\/2013_001-1024x768.jpg 1024w, https:\/\/bunker-datteln.de\/wp-content\/uploads\/2017\/02\/2013_001-300x225.jpg 300w, https:\/\/bunker-datteln.de\/wp-content\/uploads\/2017\/02\/2013_001-768x576.jpg 768w, https:\/\/bunker-datteln.de\/wp-content\/uploads\/2017\/02\/2013_001.jpg 1400w\" sizes=\"auto, (max-width: 474px) 100vw, 474px\" \/><\/a><figcaption id=\"caption-attachment-715\" class=\"wp-caption-text\">Wintereinbruch am Bunker 2013<\/figcaption><\/figure>\n<figure id=\"attachment_716\" aria-describedby=\"caption-attachment-716\" style=\"width: 474px\" class=\"wp-caption aligncenter\"><a href=\"https:\/\/bunker-datteln.de\/wp-content\/uploads\/2017\/02\/2013_002.jpg\" rel=\"wpdevart_lightbox\"><img loading=\"lazy\" decoding=\"async\" class=\"size-large wp-image-716\" src=\"https:\/\/bunker-datteln.de\/wp-content\/uploads\/2017\/02\/2013_002-1024x768.jpg\" alt=\"Bunkermuseum Datteln\" width=\"474\" height=\"356\" srcset=\"https:\/\/bunker-datteln.de\/wp-content\/uploads\/2017\/02\/2013_002-1024x768.jpg 1024w, https:\/\/bunker-datteln.de\/wp-content\/uploads\/2017\/02\/2013_002-300x225.jpg 300w, https:\/\/bunker-datteln.de\/wp-content\/uploads\/2017\/02\/2013_002-768x576.jpg 768w, https:\/\/bunker-datteln.de\/wp-content\/uploads\/2017\/02\/2013_002.jpg 1400w\" sizes=\"auto, (max-width: 474px) 100vw, 474px\" \/><\/a><figcaption id=\"caption-attachment-716\" class=\"wp-caption-text\">Holzstempel f\u00fcr Bergbauaustellung 2013<\/figcaption><\/figure>\n<figure id=\"attachment_720\" aria-describedby=\"caption-attachment-720\" style=\"width: 474px\" class=\"wp-caption aligncenter\"><a href=\"https:\/\/bunker-datteln.de\/wp-content\/uploads\/2017\/02\/2013_006.jpg\" rel=\"wpdevart_lightbox\"><img loading=\"lazy\" decoding=\"async\" class=\"size-large wp-image-720\" src=\"https:\/\/bunker-datteln.de\/wp-content\/uploads\/2017\/02\/2013_006-1024x768.jpg\" alt=\"\" width=\"474\" height=\"356\" srcset=\"https:\/\/bunker-datteln.de\/wp-content\/uploads\/2017\/02\/2013_006-1024x768.jpg 1024w, https:\/\/bunker-datteln.de\/wp-content\/uploads\/2017\/02\/2013_006-300x225.jpg 300w, https:\/\/bunker-datteln.de\/wp-content\/uploads\/2017\/02\/2013_006-768x576.jpg 768w, https:\/\/bunker-datteln.de\/wp-content\/uploads\/2017\/02\/2013_006.jpg 1400w\" sizes=\"auto, (max-width: 474px) 100vw, 474px\" \/><\/a><figcaption id=\"caption-attachment-720\" class=\"wp-caption-text\">Sanit\u00e4re Arbeiten 2013<\/figcaption><\/figure>\n<figure id=\"attachment_717\" aria-describedby=\"caption-attachment-717\" style=\"width: 474px\" class=\"wp-caption aligncenter\"><a href=\"https:\/\/bunker-datteln.de\/wp-content\/uploads\/2017\/02\/2013_003.jpg\" rel=\"wpdevart_lightbox\"><img loading=\"lazy\" decoding=\"async\" class=\"size-large wp-image-717\" src=\"https:\/\/bunker-datteln.de\/wp-content\/uploads\/2017\/02\/2013_003-1024x768.jpg\" alt=\"Bunkermuseum Datteln\" width=\"474\" height=\"356\" srcset=\"https:\/\/bunker-datteln.de\/wp-content\/uploads\/2017\/02\/2013_003-1024x768.jpg 1024w, https:\/\/bunker-datteln.de\/wp-content\/uploads\/2017\/02\/2013_003-300x225.jpg 300w, https:\/\/bunker-datteln.de\/wp-content\/uploads\/2017\/02\/2013_003-768x576.jpg 768w, https:\/\/bunker-datteln.de\/wp-content\/uploads\/2017\/02\/2013_003.jpg 1400w\" sizes=\"auto, (max-width: 474px) 100vw, 474px\" \/><\/a><figcaption id=\"caption-attachment-717\" class=\"wp-caption-text\">Betonsohle erneuern 2013<\/figcaption><\/figure>\n<figure id=\"attachment_718\" aria-describedby=\"caption-attachment-718\" style=\"width: 474px\" class=\"wp-caption aligncenter\"><a href=\"https:\/\/bunker-datteln.de\/wp-content\/uploads\/2017\/02\/2013_004.jpg\" rel=\"wpdevart_lightbox\"><img loading=\"lazy\" decoding=\"async\" class=\"size-large wp-image-718\" src=\"https:\/\/bunker-datteln.de\/wp-content\/uploads\/2017\/02\/2013_004-1024x768.jpg\" alt=\"Bunkermuseum Datteln\" width=\"474\" height=\"356\" srcset=\"https:\/\/bunker-datteln.de\/wp-content\/uploads\/2017\/02\/2013_004-1024x768.jpg 1024w, https:\/\/bunker-datteln.de\/wp-content\/uploads\/2017\/02\/2013_004-300x225.jpg 300w, https:\/\/bunker-datteln.de\/wp-content\/uploads\/2017\/02\/2013_004-768x576.jpg 768w, https:\/\/bunker-datteln.de\/wp-content\/uploads\/2017\/02\/2013_004.jpg 1400w\" sizes=\"auto, (max-width: 474px) 100vw, 474px\" \/><\/a><figcaption id=\"caption-attachment-718\" class=\"wp-caption-text\">Betonsohle sanieren 2013<\/figcaption><\/figure>\n<figure id=\"attachment_719\" aria-describedby=\"caption-attachment-719\" style=\"width: 474px\" class=\"wp-caption aligncenter\"><a href=\"https:\/\/bunker-datteln.de\/wp-content\/uploads\/2017\/02\/2013_005.jpg\" rel=\"wpdevart_lightbox\"><img loading=\"lazy\" decoding=\"async\" class=\"size-large wp-image-719\" src=\"https:\/\/bunker-datteln.de\/wp-content\/uploads\/2017\/02\/2013_005-1024x768.jpg\" alt=\"Bunkermuseum Datteln\" width=\"474\" height=\"356\" srcset=\"https:\/\/bunker-datteln.de\/wp-content\/uploads\/2017\/02\/2013_005-1024x768.jpg 1024w, https:\/\/bunker-datteln.de\/wp-content\/uploads\/2017\/02\/2013_005-300x225.jpg 300w, https:\/\/bunker-datteln.de\/wp-content\/uploads\/2017\/02\/2013_005-768x576.jpg 768w, https:\/\/bunker-datteln.de\/wp-content\/uploads\/2017\/02\/2013_005.jpg 1400w\" sizes=\"auto, (max-width: 474px) 100vw, 474px\" \/><\/a><figcaption id=\"caption-attachment-719\" class=\"wp-caption-text\">Leerrohre f\u00fcr Kabel verlegen 2013<\/figcaption><\/figure>\n<figure id=\"attachment_724\" aria-describedby=\"caption-attachment-724\" style=\"width: 474px\" class=\"wp-caption aligncenter\"><a href=\"https:\/\/bunker-datteln.de\/wp-content\/uploads\/2017\/02\/2013_010.jpg\" rel=\"wpdevart_lightbox\"><img loading=\"lazy\" decoding=\"async\" class=\"size-large wp-image-724\" src=\"https:\/\/bunker-datteln.de\/wp-content\/uploads\/2017\/02\/2013_010-1024x768.jpg\" alt=\"Bunkermuseum Datteln\" width=\"474\" height=\"356\" srcset=\"https:\/\/bunker-datteln.de\/wp-content\/uploads\/2017\/02\/2013_010-1024x768.jpg 1024w, https:\/\/bunker-datteln.de\/wp-content\/uploads\/2017\/02\/2013_010-300x225.jpg 300w, https:\/\/bunker-datteln.de\/wp-content\/uploads\/2017\/02\/2013_010-768x576.jpg 768w, https:\/\/bunker-datteln.de\/wp-content\/uploads\/2017\/02\/2013_010.jpg 1400w\" sizes=\"auto, (max-width: 474px) 100vw, 474px\" \/><\/a><figcaption id=\"caption-attachment-724\" class=\"wp-caption-text\">Kernlochbohrung 2013<\/figcaption><\/figure>\n<figure id=\"attachment_721\" aria-describedby=\"caption-attachment-721\" style=\"width: 474px\" class=\"wp-caption aligncenter\"><a href=\"https:\/\/bunker-datteln.de\/wp-content\/uploads\/2017\/02\/2013_007.jpg\" rel=\"wpdevart_lightbox\"><img loading=\"lazy\" decoding=\"async\" class=\"size-large wp-image-721\" src=\"https:\/\/bunker-datteln.de\/wp-content\/uploads\/2017\/02\/2013_007-1024x768.jpg\" alt=\"Bunkermuseum Datteln\" width=\"474\" height=\"356\" srcset=\"https:\/\/bunker-datteln.de\/wp-content\/uploads\/2017\/02\/2013_007-1024x768.jpg 1024w, https:\/\/bunker-datteln.de\/wp-content\/uploads\/2017\/02\/2013_007-300x225.jpg 300w, https:\/\/bunker-datteln.de\/wp-content\/uploads\/2017\/02\/2013_007-768x576.jpg 768w, https:\/\/bunker-datteln.de\/wp-content\/uploads\/2017\/02\/2013_007.jpg 1400w\" sizes=\"auto, (max-width: 474px) 100vw, 474px\" \/><\/a><figcaption id=\"caption-attachment-721\" class=\"wp-caption-text\">Radio Vest im Bunker 2013<\/figcaption><\/figure>\n<figure id=\"attachment_722\" aria-describedby=\"caption-attachment-722\" style=\"width: 474px\" class=\"wp-caption aligncenter\"><a href=\"https:\/\/bunker-datteln.de\/wp-content\/uploads\/2017\/02\/2013_008.jpg\" rel=\"wpdevart_lightbox\"><img loading=\"lazy\" decoding=\"async\" class=\"size-large wp-image-722\" src=\"https:\/\/bunker-datteln.de\/wp-content\/uploads\/2017\/02\/2013_008-1024x768.jpg\" alt=\"Bunkermuseum Datteln\" width=\"474\" height=\"356\" srcset=\"https:\/\/bunker-datteln.de\/wp-content\/uploads\/2017\/02\/2013_008-1024x768.jpg 1024w, https:\/\/bunker-datteln.de\/wp-content\/uploads\/2017\/02\/2013_008-300x225.jpg 300w, https:\/\/bunker-datteln.de\/wp-content\/uploads\/2017\/02\/2013_008-768x576.jpg 768w, https:\/\/bunker-datteln.de\/wp-content\/uploads\/2017\/02\/2013_008.jpg 1400w\" sizes=\"auto, (max-width: 474px) 100vw, 474px\" \/><\/a><figcaption id=\"caption-attachment-722\" class=\"wp-caption-text\">Besuchergruppe im Bunker 2013<\/figcaption><\/figure>\n<figure id=\"attachment_723\" aria-describedby=\"caption-attachment-723\" style=\"width: 474px\" class=\"wp-caption aligncenter\"><a href=\"https:\/\/bunker-datteln.de\/wp-content\/uploads\/2017\/02\/2013_009.jpg\" rel=\"wpdevart_lightbox\"><img loading=\"lazy\" decoding=\"async\" class=\"size-large wp-image-723\" src=\"https:\/\/bunker-datteln.de\/wp-content\/uploads\/2017\/02\/2013_009-1024x768.jpg\" alt=\"Bunkermuseum Datteln\" width=\"474\" height=\"356\" srcset=\"https:\/\/bunker-datteln.de\/wp-content\/uploads\/2017\/02\/2013_009-1024x768.jpg 1024w, https:\/\/bunker-datteln.de\/wp-content\/uploads\/2017\/02\/2013_009-300x225.jpg 300w, https:\/\/bunker-datteln.de\/wp-content\/uploads\/2017\/02\/2013_009-768x576.jpg 768w, https:\/\/bunker-datteln.de\/wp-content\/uploads\/2017\/02\/2013_009.jpg 1400w\" sizes=\"auto, (max-width: 474px) 100vw, 474px\" \/><\/a><figcaption id=\"caption-attachment-723\" class=\"wp-caption-text\">Besuchergruppe im Bunker 2013<\/figcaption><\/figure>\n<figure id=\"attachment_725\" aria-describedby=\"caption-attachment-725\" style=\"width: 474px\" class=\"wp-caption aligncenter\"><a href=\"https:\/\/bunker-datteln.de\/wp-content\/uploads\/2017\/02\/2013_011-1.jpg\" rel=\"wpdevart_lightbox\"><img loading=\"lazy\" decoding=\"async\" class=\"size-large wp-image-725\" src=\"https:\/\/bunker-datteln.de\/wp-content\/uploads\/2017\/02\/2013_011-1-1024x768.jpg\" alt=\"Bunkermuseum Datteln\" width=\"474\" height=\"356\" srcset=\"https:\/\/bunker-datteln.de\/wp-content\/uploads\/2017\/02\/2013_011-1-1024x768.jpg 1024w, https:\/\/bunker-datteln.de\/wp-content\/uploads\/2017\/02\/2013_011-1-300x225.jpg 300w, https:\/\/bunker-datteln.de\/wp-content\/uploads\/2017\/02\/2013_011-1-768x576.jpg 768w, https:\/\/bunker-datteln.de\/wp-content\/uploads\/2017\/02\/2013_011-1.jpg 1400w\" sizes=\"auto, (max-width: 474px) 100vw, 474px\" \/><\/a><figcaption id=\"caption-attachment-725\" class=\"wp-caption-text\">Tag des offenen Denkmals 2013<\/figcaption><\/figure>\n<figure id=\"attachment_726\" aria-describedby=\"caption-attachment-726\" style=\"width: 474px\" class=\"wp-caption aligncenter\"><a href=\"https:\/\/bunker-datteln.de\/wp-content\/uploads\/2017\/02\/2013_012.jpg\" rel=\"wpdevart_lightbox\"><img loading=\"lazy\" decoding=\"async\" class=\"size-large wp-image-726\" src=\"https:\/\/bunker-datteln.de\/wp-content\/uploads\/2017\/02\/2013_012-1024x768.jpg\" alt=\"Bunkermuseum Datteln\" width=\"474\" height=\"356\" srcset=\"https:\/\/bunker-datteln.de\/wp-content\/uploads\/2017\/02\/2013_012-1024x768.jpg 1024w, https:\/\/bunker-datteln.de\/wp-content\/uploads\/2017\/02\/2013_012-300x225.jpg 300w, https:\/\/bunker-datteln.de\/wp-content\/uploads\/2017\/02\/2013_012-768x576.jpg 768w, https:\/\/bunker-datteln.de\/wp-content\/uploads\/2017\/02\/2013_012.jpg 1400w\" sizes=\"auto, (max-width: 474px) 100vw, 474px\" \/><\/a><figcaption id=\"caption-attachment-726\" class=\"wp-caption-text\">F\u00f6rderwagen Transport \u00fcber die Halde 2013<\/figcaption><\/figure>\n<figure id=\"attachment_727\" aria-describedby=\"caption-attachment-727\" style=\"width: 474px\" class=\"wp-caption aligncenter\"><a href=\"https:\/\/bunker-datteln.de\/wp-content\/uploads\/2017\/02\/2013_013.jpg\" rel=\"wpdevart_lightbox\"><img loading=\"lazy\" decoding=\"async\" class=\"size-large wp-image-727\" src=\"https:\/\/bunker-datteln.de\/wp-content\/uploads\/2017\/02\/2013_013-1024x768.jpg\" alt=\"Bunkermuseum Datteln\" width=\"474\" height=\"356\" srcset=\"https:\/\/bunker-datteln.de\/wp-content\/uploads\/2017\/02\/2013_013-1024x768.jpg 1024w, https:\/\/bunker-datteln.de\/wp-content\/uploads\/2017\/02\/2013_013-300x225.jpg 300w, https:\/\/bunker-datteln.de\/wp-content\/uploads\/2017\/02\/2013_013-768x576.jpg 768w, https:\/\/bunker-datteln.de\/wp-content\/uploads\/2017\/02\/2013_013.jpg 1400w\" sizes=\"auto, (max-width: 474px) 100vw, 474px\" \/><\/a><figcaption id=\"caption-attachment-727\" class=\"wp-caption-text\">F\u00f6rderwagen Transport \u00fcber den \u00d6lm\u00fchlenbach 2013<\/figcaption><\/figure>\n<figure id=\"attachment_728\" aria-describedby=\"caption-attachment-728\" style=\"width: 474px\" class=\"wp-caption aligncenter\"><a href=\"https:\/\/bunker-datteln.de\/wp-content\/uploads\/2017\/02\/2013_014.jpg\" rel=\"wpdevart_lightbox\"><img loading=\"lazy\" decoding=\"async\" class=\"size-large wp-image-728\" src=\"https:\/\/bunker-datteln.de\/wp-content\/uploads\/2017\/02\/2013_014-1024x768.jpg\" alt=\"Bunkermuseum Datteln\" width=\"474\" height=\"356\" srcset=\"https:\/\/bunker-datteln.de\/wp-content\/uploads\/2017\/02\/2013_014-1024x768.jpg 1024w, https:\/\/bunker-datteln.de\/wp-content\/uploads\/2017\/02\/2013_014-300x225.jpg 300w, https:\/\/bunker-datteln.de\/wp-content\/uploads\/2017\/02\/2013_014-768x576.jpg 768w, https:\/\/bunker-datteln.de\/wp-content\/uploads\/2017\/02\/2013_014.jpg 1400w\" sizes=\"auto, (max-width: 474px) 100vw, 474px\" \/><\/a><figcaption id=\"caption-attachment-728\" class=\"wp-caption-text\">Weihnachtsfeier BV Bergmannsgl\u00fcck im Bunker 2013<\/figcaption><\/figure>\n<figure id=\"attachment_729\" aria-describedby=\"caption-attachment-729\" style=\"width: 474px\" class=\"wp-caption aligncenter\"><a href=\"https:\/\/bunker-datteln.de\/wp-content\/uploads\/2017\/02\/2013_015.jpg\" rel=\"wpdevart_lightbox\"><img loading=\"lazy\" decoding=\"async\" class=\"size-large wp-image-729\" src=\"https:\/\/bunker-datteln.de\/wp-content\/uploads\/2017\/02\/2013_015-1024x768.jpg\" alt=\"Bunkermuseum Datteln\" width=\"474\" height=\"356\" srcset=\"https:\/\/bunker-datteln.de\/wp-content\/uploads\/2017\/02\/2013_015-1024x768.jpg 1024w, https:\/\/bunker-datteln.de\/wp-content\/uploads\/2017\/02\/2013_015-300x225.jpg 300w, https:\/\/bunker-datteln.de\/wp-content\/uploads\/2017\/02\/2013_015-768x576.jpg 768w, https:\/\/bunker-datteln.de\/wp-content\/uploads\/2017\/02\/2013_015.jpg 1400w\" sizes=\"auto, (max-width: 474px) 100vw, 474px\" \/><\/a><figcaption id=\"caption-attachment-729\" class=\"wp-caption-text\">Weihnachtsfeier BV Bergmannsgl\u00fcck im Bunker 2013<\/figcaption><\/figure>\n","protected":false},"excerpt":{"rendered":"","protected":false},"author":1,"featured_media":676,"parent":68,"menu_order":34,"comment_status":"closed","ping_status":"closed","template":"","meta":{"footnotes":""},"class_list":["post-100","page","type-page","status-publish","has-post-thumbnail","hentry"],"_links":{"self":[{"href":"https:\/\/bunker-datteln.de\/index.php?rest_route=\/wp\/v2\/pages\/100","targetHints":{"allow":["GET"]}}],"collection":[{"href":"https:\/\/bunker-datteln.de\/index.php?rest_route=\/wp\/v2\/pages"}],"about":[{"href":"https:\/\/bunker-datteln.de\/index.php?rest_route=\/wp\/v2\/types\/page"}],"author":[{"embeddable":true,"href":"https:\/\/bunker-datteln.de\/index.php?rest_route=\/wp\/v2\/users\/1"}],"replies":[{"embeddable":true,"href":"https:\/\/bunker-datteln.de\/index.php?rest_route=%2Fwp%2Fv2%2Fcomments&post=100"}],"version-history":[{"count":2,"href":"https:\/\/bunker-datteln.de\/index.php?rest_route=\/wp\/v2\/pages\/100\/revisions"}],"predecessor-version":[{"id":731,"href":"https:\/\/bunker-datteln.de\/index.php?rest_route=\/wp\/v2\/pages\/100\/revisions\/731"}],"up":[{"embeddable":true,"href":"https:\/\/bunker-datteln.de\/index.php?rest_route=\/wp\/v2\/pages\/68"}],"wp:featuredmedia":[{"embeddable":true,"href":"https:\/\/bunker-datteln.de\/index.php?rest_route=\/wp\/v2\/media\/676"}],"wp:attachment":[{"href":"https:\/\/bunker-datteln.de\/index.php?rest_route=%2Fwp%2Fv2%2Fmedia&parent=100"}],"curies":[{"name":"wp","href":"https:\/\/api.w.org\/{rel}","templated":true}]}}